5*k - 257855. What is the units digit of i?
8
Suppose 0 = -m - 33 + 13. Let t(o) be the first derivative of o**3/3 + 17*o**2/2 + 4*o + 3. What is the tens digit of t(m)?
6
Suppose -3*l + 36 = 6*l. Suppose 412 = l*q - 4*m - 1528, -5*q - 5*m + 2475 = 0. Suppose -2*n + 5*h + 92 + q = 0, 288 = n - h. What is the tens digit of n?
8
Let i be (46/4)/(16/128). Suppose 87*t = i*t - 4790. What is the units digit of t?
8
Suppose -824*n + 107197 = -809*n - 42218. What is the units digit of n?
1
Suppose 3*z - 134 = 5*h, h = -0*h + 5. Let w = 156 - z. What is the units digit of -23 + w + (-1)/(-1)?
1
Let q = -1226 - 404. Let t = q - -3440. What is the hundreds digit of t?
8
Suppose 340*w - 6671566 = 15452914. What is the ten thousands digit of w?
6
What is the hundreds digit of 2*(3 + (-24530)/(-4) + 3)?
2
Suppose -w + 42*j - 45*j = -19308, 4*j = 5*w - 96369. What is the ten thousands digit of w?
1
Let g = 3090 - 2324. What is the units digit of g?
6
Suppose -3*o = -5*j + 63199, -3*j - o = -23012 - 14899. What is the ten thousands digit of j?
1
Suppose 17191 = a + 5*y, 12*y + 34442 = 2*a + 7*y. What is the tens digit of a?
1
Suppose 0 = -4*u + 20, -4*u - 1720 = -5*o - 2*u. Let t be (-1 + -55)*(-35)/20. Suppose 3*k = o + t. What is the tens digit of k?
4
Suppose -3*d - 4*q + 3818 = 0, -4*q = 2*d - 6*q - 2550. Suppose -3*f = -331 - d. What is the hundreds digit of (-5)/(f/(-265) - -2)?
2
Let h(c) = -c**2 - 18*c - 24. Let b be h(-3). Suppose 48*v - 19116 = b*v. What is the hundreds digit of v?
7
Suppose 0 = r - 4*w + 22, r - w - 37 = 5*r. Let t = 133 - r. Let d = t - 41. What is the hundreds digit of d?
1
Let f = 603 - 604. What is the tens digit of (-2 - f)/(3/(-2628))?
7
Let b(n) = -n**3 + 9*n**2 - 17*n + 24. Let a be b(7). Suppose -q - 221 = -r, -442 = -3*r + r + a*q. What is the hundreds digit of r?
2
Suppose -39*h - 156950 = -82*h. What is the tens digit of h?
5
Suppose -4*r + 192 = 4*d - 3*r, 2*r + 180 = 4*d. Let t = 52 - d. Suppose -3*g + 0*b + 301 = t*b, -5*g + 5*b + 555 = 0. What is the hundreds digit of g?
1
Let j = -1110 + 6698. What is the thousands digit of j?
5
Let m be ((-15)/10)/(0 - -3)*22. Let o(j) = 4*j + 44. Let n be o(m). Suppose n = t - 43 - 133. What is the units digit of t?
6
Let u(z) = z**3 - 2*z**2 + 20*z - 1361. What is the hundreds digit of u(26)?
3
Let m(u) = 206*u**2 + 17. What is the units digit of m(2)?
1
Suppose -7*v = v + 32. Let g be 1 - -1 - 1*96/v. Let l = 40 - g. What is the units digit of l?
4
Let u(f) be the first derivative of -f**4/4 + 7*f**3/3 - f**2/2 + 8*f + 1931. Suppose -3*v + 19 = 2*o, 2*o + 4*v = o + 17. What is the tens digit of u(o)?
5
What is the hundreds digit of 42/(-4)*39248/(-154)?
6
Let v(y) = -21*y + 7. Let k be v(8). Suppose -3*t - 2*u = 213, -4*t - u = -6*u + 307. Let q = t - k. What is the tens digit of q?
8
Let h(a) = 28*a**2 + 77*a - 2. Let o(x) = -43*x**2 - 116*x + 3. Let q(b) = -7*h(b) - 5*o(b). What is the units digit of q(-9)?
9
Suppose 0 = -34*x - 5*x + 119067. What is the hundreds digit of x?
0
What is the units digit of (-14 - 136/(-12))*-459?
4
Let u(d) = -16*d + 10. Let w be u(-3). Let q = -47 + w. Suppose q*n - 642 = 766. What is the units digit of n?
8
Let r = -687 - -1058. Suppose 3*t - 79 + 540 = -k, -k - 2 = 0. Let x = r + t. What is the tens digit of x?
1
Let u = -24 - -36. Suppose u*p + 40 = 7*p. Let h = p - -71. What is the units digit of h?
3
Let u(g) = -g**2 + 11*g - 37. Let s be u(5). Let h = s - -10. Suppose -h*y + 6*y = 228. What is the units digit of y?
6
Let o(t) = 2*t**2 + 20*t - 22. Let i be o(-11). What is the tens digit of -7*(-48)/(-32)*(i - 38)?
9
Let a(x) = 5*x**2 + 8*x + 8. Let h be a(-1). Suppose f - 2*b = 362, 1435 = 5*f - f + h*b. What is the tens digit of f?
6
Let d(k) = k**3 + 9*k**2 + 14*k + 4. Let a be d(-7). Suppose -8*o + 12*o = -a*y + 3704, -4*o + 4634 = 5*y. What is the tens digit of y?
3
Suppose -38 = -5*w - d - 2, 2*w - 15 = -d. Suppose -w*r - 17 + 45 = 0. Suppose 5*a = 2*a + 4*j + 276, 0 = r*j. What is the units digit of a?
2
Let q = 28 + -8. Suppose 0 = -q*d + 16*d - 4. What is the units digit of (d/2)/(17/(-816))?
4
Let d = -11507 - -20479. What is the thousands digit of d?
8
Suppose -5985 = -u - 103*c + 101*c, 3*u = c + 17955. What is the hundreds digit of u?
9
Suppose 0 = -336*m + 338*m + 5*c - 66976, 3*m = -5*c + 100449. What is the units digit of m?
3
Suppose -7*z = -127 - 153. Suppose -3*q + 2*q + 68 = 3*j, 4*q = j - z. What is the units digit of j?
4
Suppose -3*f + 10 = 5*v, -3*v = -5*f + f - 6. Suppose -y - 3*y = z - 10, -3*y + 2*z + 2 = f. What is the units digit of y/(-6)*-235 + (-12)/(-18)?
9
What is the hundreds digit of ((-66)/(-44))/((-3)/(-478))?
2
Let a(n) = 5*n**2 - 13*n - 25. Suppose 6 = -4*p + 3*p. Let m(y) = 14*y**2 - 38*y - 74. Let u(f) = p*m(f) + 17*a(f). What is the tens digit of u(-10)?
4
Suppose -a - 4*y = -2*a - 18, y = 5*a - 5. Suppose 0 = a*q - 62 - 410. What is the tens digit of q?
3
Suppose 4*q = -3*s + 92, -4*q = -5*s + q + 165. Let n = -28 + s. What is the units digit of (-110)/(-3) - n/6?
6
Let u be ((-21)/(-35))/((-1)/(-1655)). Let i = 1412 - u. What is the tens digit of i?
1
Suppose 161*u = -62*u + 5292039 - 1879693. What is the hundreds digit of u?
3
Suppose 3862 = 2*v - 5*n - 14483, -45775 = -5*v - 5*n. What is the thousands digit of v?
9
Let m = 63 + -48. Let q be 7/3 - (95/m + -6). Suppose 342 = -j + 4*j - v, -4*j + q*v = -458. What is the tens digit of j?
1
Suppose -2*o - 5*y + 101121 = 0, -4*o + 1593*y = 1589*y - 202172. What is the ten thousands digit of o?
5
Let x be (-6)/21 - (-9)/7. Let c(a) = 2*a**2 - 2*a - 27. Let m be c(-3). What is the units digit of (-342)/(-8) + x + m/4?
3
Let a(r) = -r + 14. Let n be a(6). Suppose -9*w + n*w + 412 = 0. Suppose t = -3*t + w. What is the tens digit of t?
0
Suppose -2*k + 26 = 4*b - 0*k, k = 3. Suppose b*j = j + 880. Let s = j - 144. What is the tens digit of s?
7
Let x(s) = -730*s - 2. Let y be x(-1). What is the units digit of y/8 - (4 + -8)?
5
Let i(c) = -75*c - 22. Let l be i(-13). Let v = l - 285. What is the tens digit of v?
6
Let t be (-3 - -5 - -1) + (-1194)/(-3). Let r = t + -151. What is the tens digit of r?
5
Let q(g) = -2*g**3 - 11*g**2 - 5*g. Let s be q(-6). Let l(b) = b**3 + 8*b**2 - 5*b + 11. Let r be l(-9). Let u = r + s. What is the tens digit of u?
4
Suppose 0 = 2*w - 3*i + 5, -w + 3*i - i = 0. Let g(p) = -p**2 - 1. Let v(d) = -3*d**2 + 5*d - 8. Let b(y) = -5*g(y) + v(y). What is the units digit of b(w)?
7
Suppose -5*x - l + 9 = 0, -3*x - l + 0*l = -5. Let t(f) = -9 - f**2 + f - 6*f**x + 5*f**2 + f**3. What is the units digit of t(3)?
3
Suppose 30*u = 79026 + 9234. Suppose -2*m + u = -4*t, -2*t - 2387 = 4*m - 8221. What is the tens digit of m?
6
Let y(g) = 6711*g - 59. What is the tens digit of y(2)?
6
Let x = -37 + 42. Suppose -2*g + 2 = -d, -3*d = x*g - 7 - 9. Suppose 3*n = 2*n - 3*b + 76, -d*n = 2*b - 160. What is the tens digit of n?
8
Let p be -45*(5 + 44/(-8))*18. Suppose -5*b + 311 = c, -c = -4*b + p - 149. What is the tens digit of b?
6
Let h = 308 - 252. Let p = 214 + h. What is the tens digit of p?
7
Let c(k) be the second derivative of -16*k**3/3 + 9*k**2 - 25*k. Let y be c(-8). Let z = y + -174. What is the tens digit of z?
0
Suppose -5*c = 5*x - 74355, 20*c = 23*c - 3. What is the ten thousands digit of x?
1
Suppose 0*m = 3*m + 33. Let q(z) = 2*z**2 + 19*z - 17. Let o be q(m). What is the units digit of (13*(-36)/o)/((-6)/16)?
8
Suppose 63*n - 728713 = 1575449. What is the ten thousands digit of n?
3
Suppose 10*m = 6*m + 15956. Suppose 0 = -22*h + 1907 + m. What is the units digit of h?
8
Let d(b) = 2*b**3 + b**2 + 2*b - 3. Let a be d(1). What is the units digit of (a/2 - -32)*23/23?
3
Suppose 114 = -3*j + 2*v - 435, -379 = 2*j + 3*v. Let l = j + 1376. What is the tens digit of l?
9
Let t = 33590 + -20586. What is the ten thousands digit of t?
1
Let q = 4022 + -2433. Suppose 3*t - i = q, 16*i - 14*i = -2*t + 1046. What is the hundreds digit of t?
5
Let h = 13630 - 6058. What is the hundreds digit of h?
5
Let m = -67 - -84. Let u(y) = 7*y - 73. Let h be u(m). Suppose h*g = 41*g + 315. What is the tens digit of g?
6
Let d = -160 + 211. Suppose -d*k + 49*k + 562 = 0. What is the units digit of k?
1
Let x(g) = 3*g**3 - 21*g**2 + 13*g + 55.